{"id":3,"date":"2022-11-30T11:14:23","date_gmt":"2022-11-30T10:14:23","guid":{"rendered":"http:\/\/attraitconcept.com\/?page_id=3"},"modified":"2025-05-06T17:14:53","modified_gmt":"2025-05-06T15:14:53","slug":"mentions-legales","status":"publish","type":"page","link":"https:\/\/attraitconcept.com\/index.php\/mentions-legales\/","title":{"rendered":"MENTIONS L\u00c9GALES"},"content":{"rendered":"\n<p><br>En vigueur au 01\/01\/2024<\/p>\n\n\n\n<p><br>Conform\u00e9ment aux dispositions des Articles 6-III et 19 de la Loi n\u00b02004-575 du 21 juin 2004 pour la<br>Confiance dans l\u2019\u00e9conomie num\u00e9rique, dite L.C.E.N., il est port\u00e9 \u00e0 la connaissance des utilisateurs et<br>visiteurs, ci-apr\u00e8s l&rsquo;Utilisateur, du site www.attraitconcept.com , ci-apr\u00e8s le \u00ab\u00a0Site\u00a0\u00bb, les pr\u00e9sentes<br>mentions l\u00e9gales.<\/p>\n\n\n\n<p><br>La connexion et la navigation sur le Site par l\u2019Utilisateur implique acceptation int\u00e9grale et sans<br>r\u00e9serve des pr\u00e9sentes mentions l\u00e9gales.<br>Ces derni\u00e8res sont accessibles sur le Site \u00e0 la rubrique \u00ab Mentions l\u00e9gales \u00bb.<\/p>\n\n\n\n<p><br>ARTICLE 1 &#8211; L&rsquo;EDITEUR<br>L\u2019\u00e9dition et la direction de la publication du Site est assur\u00e9e par antoine tabareau, domicili\u00e9e 11 rue<br>roger salengro 62420 Billy montigny, dont le num\u00e9ro de t\u00e9l\u00e9phone est 03 66 77 93 43, et l&rsquo;adresse e-mail<br>atabareau@attraitconcept.com.<\/p>\n\n\n\n<p><br>ARTICLE 2 &#8211; L&rsquo;HEBERGEUR<br>L&rsquo;h\u00e9bergeur du Site est la soci\u00e9t\u00e9 OVH SAS, dont le si\u00e8ge social est situ\u00e9 au 2, rue Kellermann,<br>59100 Roubaix. , avec le num\u00e9ro de t\u00e9l\u00e9phone : 0972101007 + adresse mail de contact.<\/p>\n\n\n\n<p><br>ARTICLE 3 &#8211; ACCES AU SITE<br>Le Site est accessible en tout endroit, 7j\/7, 24h\/24 sauf cas de force majeure, interruption<br>programm\u00e9e ou non et pouvant d\u00e9coulant d\u2019une n\u00e9cessit\u00e9 de maintenance.<br>En cas de modification, interruption ou suspension du Site, l&rsquo;Editeur ne saurait \u00eatre tenu responsable.<\/p>\n\n\n\n<p><br>ARTICLE 4 &#8211; COLLECTE DES DONNEES<br>Le Site assure \u00e0 l&rsquo;Utilisateur une collecte et un traitement d&rsquo;informations personnelles dans le respect<br>de la vie priv\u00e9e conform\u00e9ment \u00e0 la loi n\u00b078-17 du 6 janvier 1978 relative \u00e0 l&rsquo;informatique, aux fichiers<br>et aux libert\u00e9s.<br>En vertu de la loi Informatique et Libert\u00e9s, en date du 6 janvier 1978, l&rsquo;Utilisateur dispose d&rsquo;un droit<br>d&rsquo;acc\u00e8s, de rectification, de suppression et d&rsquo;opposition de ses donn\u00e9es personnelles. L&rsquo;Utilisateur<br>exerce ce droit :<\/p>\n\n\n\n<p><br>\u00b7 via un formulaire de contact ;<\/p>\n\n\n\n<p><br>Toute utilisation, reproduction, diffusion, commercialisation, modification de toute ou partie du Site,<br>sans autorisation de l\u2019Editeur est prohib\u00e9e et pourra entra\u00een\u00e9e des actions et poursuites judiciaires<br>telles que notamment pr\u00e9vues par le Code de la propri\u00e9t\u00e9 intellectuelle et le Code civil.<\/p>\n\n\n\n<p><br><\/p>\n","protected":false},"excerpt":{"rendered":"<p>En vigueur au 01\/01\/2024 Conform\u00e9ment aux dispositions des Articles 6-III et 19 de la Loi n\u00b02004-575 du 21 juin 2004 pour laConfiance dans l\u2019\u00e9conomie num\u00e9rique, dite L.C.E.N., il est port\u00e9 \u00e0 la connaissance des utilisateurs etvisiteurs, ci-apr\u00e8s l&rsquo;Utilisateur, du site www.attraitconcept.com , ci-apr\u00e8s le \u00ab\u00a0Site\u00a0\u00bb, les pr\u00e9sentesmentions l\u00e9gales. La connexion et la navigation sur le Site par l\u2019Utilisateur implique acceptation int\u00e9grale et sansr\u00e9serve des pr\u00e9sentes mentions l\u00e9gales.Ces derni\u00e8res sont accessibles sur le Site \u00e0 la rubrique \u00ab Mentions l\u00e9gales \u00bb. ARTICLE 1 &#8211; L&rsquo;EDITEURL\u2019\u00e9dition et la direction de la publication du Site est assur\u00e9e par antoine tabareau, domicili\u00e9e 11 rueroger<\/p>\n","protected":false},"author":1,"featured_media":0,"parent":0,"menu_order":0,"comment_status":"closed","ping_status":"open","template":"mentions-legales","meta":{"footnotes":""},"_links":{"self":[{"href":"https:\/\/attraitconcept.com\/index.php\/wp-json\/wp\/v2\/pages\/3"}],"collection":[{"href":"https:\/\/attraitconcept.com\/index.php\/wp-json\/wp\/v2\/pages"}],"about":[{"href":"https:\/\/attraitconcept.com\/index.php\/wp-json\/wp\/v2\/types\/page"}],"author":[{"embeddable":true,"href":"https:\/\/attraitconcept.com\/index.php\/wp-json\/wp\/v2\/users\/1"}],"replies":[{"embeddable":true,"href":"https:\/\/attraitconcept.com\/index.php\/wp-json\/wp\/v2\/comments?post=3"}],"version-history":[{"count":3,"href":"https:\/\/attraitconcept.com\/index.php\/wp-json\/wp\/v2\/pages\/3\/revisions"}],"predecessor-version":[{"id":1444,"href":"https:\/\/attraitconcept.com\/index.php\/wp-json\/wp\/v2\/pages\/3\/revisions\/1444"}],"wp:attachment":[{"href":"https:\/\/attraitconcept.com\/index.php\/wp-json\/wp\/v2\/media?parent=3"}],"curies":[{"name":"wp","href":"https:\/\/api.w.org\/{rel}","templated":true}]}}